{"id":20,"date":"2020-09-30T21:53:31","date_gmt":"2020-09-30T21:53:31","guid":{"rendered":"http:\/\/mercsworld.bigmammut.net\/?page_id=20"},"modified":"2020-10-30T13:59:07","modified_gmt":"2020-10-30T13:59:07","slug":"startseite","status":"publish","type":"page","link":"https:\/\/mercsworld.bigmammut.net\/","title":{"rendered":"Startseite"},"content":{"rendered":"<p>[et_pb_section fb_built=&#8220;1&#8243; _builder_version=&#8220;4.6.5&#8243; _module_preset=&#8220;default&#8220;][et_pb_row column_structure=&#8220;1_2,1_2&#8243; _builder_version=&#8220;4.6.6&#8243; _module_preset=&#8220;default&#8220;][et_pb_column type=&#8220;1_2&#8243; _builder_version=&#8220;4.6.6&#8243; _module_preset=&#8220;default&#8220;][et_pb_text admin_label=&#8220;Willkommen&#8220; _builder_version=&#8220;4.6.6&#8243; _module_preset=&#8220;default&#8220;]<\/p>\n<h2>Herzliche Willkommen<\/h2>\n<p>Wir freuen uns sehr, dass Sie den Weg zu uns gefunden haben. Als Produkt- und Servicepartner rund um Nachr\u00fcstung und Dienstleistungen rund um Ihren Mercedes, steht Ihre Zufriedenheit und das Optimale L\u00f6sung f\u00fcr Ihre W\u00fcnsche und Bed\u00fcrfnisse in unserem Fokus.<\/p>\n<p>Aufgrund unserer sehr gro\u00dfen Leistungsf\u00e4higkeit kann unsere Webseite nur einen Ausschnitt unserer Leistungen darstellen. Daher freuen wir uns jederzeit \u00fcber Anfragen zu weiteren Individualisierungen, Nachr\u00fcstungen und Serviceleistungen, die wir f\u00fcr Sie \u00fcbernehmen d\u00fcrfen.<\/p>\n<p>Ihr Mercsworld Team<\/p>\n<p>[\/et_pb_text][\/et_pb_column][et_pb_column type=&#8220;1_2&#8243; _builder_version=&#8220;4.6.6&#8243; _module_preset=&#8220;default&#8220;][et_pb_text admin_label=&#8220;Aktuelle Projekt Titel&#8220; module_class=&#8220;bm_startseite_title&#8220; _builder_version=&#8220;4.6.6&#8243; _module_preset=&#8220;default&#8220; hover_enabled=&#8220;0&#8243; sticky_enabled=&#8220;0&#8243;]<\/p>\n<h3>Aktuelle Projekte<\/h3>\n<p>[\/et_pb_text][et_pb_post_slider include_categories=&#8220;all&#8220; use_manual_excerpt=&#8220;off&#8220; bg_overlay_color=&#8220;rgba(0,0,0,0.6)&#8220; admin_label=&#8220;Aktuelle Projekte&#8220; module_class=&#8220;bm_startseite_slider&#8220; _builder_version=&#8220;4.6.6&#8243; _module_preset=&#8220;default&#8220; hover_enabled=&#8220;0&#8243; show_meta=&#8220;off&#8220; sticky_enabled=&#8220;0&#8243;][\/et_pb_post_slider][\/et_pb_column][\/et_pb_row][et_pb_row column_structure=&#8220;1_3,1_3,1_3&#8243; _builder_version=&#8220;4.6.5&#8243; _module_preset=&#8220;default&#8220;][et_pb_column type=&#8220;1_3&#8243; _builder_version=&#8220;4.6.5&#8243; _module_preset=&#8220;default&#8220;][et_pb_blurb title=&#8220;Command Online nachr\u00fcsten&#8220; image=&#8220;https:\/\/mercsworld.bigmammut.net\/wp-content\/uploads\/2020\/10\/command-online.jpg&#8220; admin_label=&#8220;Command Online&#8220; module_class=&#8220;bm_startseite_box&#8220; _builder_version=&#8220;4.6.6&#8243; _module_preset=&#8220;default&#8220; background_color=&#8220;rgba(0,0,0,0)&#8220; animation=&#8220;off&#8220;]<\/p>\n<p>Haben Sie sich bei der Bestellung Ihres Mercedes doch r\u00fcckblickend falsch entschieden oder Sie m\u00f6chten das Command Online in Ihrem gebrauchten Fahrzeug oder ihrem Jungen Stern nachr\u00fcsten? Kein Problem, genau das k\u00f6nnen wir f\u00fcr Sie zu machen.<\/p>\n<p>[\/et_pb_blurb][\/et_pb_column][et_pb_column type=&#8220;1_3&#8243; _builder_version=&#8220;4.6.5&#8243; _module_preset=&#8220;default&#8220;][et_pb_blurb title=&#8220;AMG Paket nachr\u00fcsten&#8220; image=&#8220;https:\/\/mercsworld.bigmammut.net\/wp-content\/uploads\/2020\/10\/eklasse-amg.jpg&#8220; admin_label=&#8220;AMG Paket&#8220; module_class=&#8220;bm_startseite_box&#8220; _builder_version=&#8220;4.6.6&#8243; _module_preset=&#8220;default&#8220; animation=&#8220;off&#8220;]<\/p>\n<p>Das AMG Paket verleiht Ihrem Fahrzeug eine sportlichere Optik. Das macht Eindruck und wertet Ihren Mercedes-Benz erheblich auf. Wir k\u00f6nnen dieses Paket mit Original Teilen an Ihrem Fahrwerk nachr\u00fcsten, als ob dieses ab Werk montiert gewesen w\u00e4re. Direkte Wertsteigerung inklusive.<\/p>\n<p>[\/et_pb_blurb][\/et_pb_column][et_pb_column type=&#8220;1_3&#8243; _builder_version=&#8220;4.6.5&#8243; _module_preset=&#8220;default&#8220;][et_pb_blurb title=&#8220;Distronic nachr\u00fcsten&#8220; image=&#8220;https:\/\/mercsworld.bigmammut.net\/wp-content\/uploads\/2020\/10\/distronic.jpg&#8220; admin_label=&#8220;Distronic&#8220; module_class=&#8220;bm_startseite_box&#8220; _builder_version=&#8220;4.6.6&#8243; _module_preset=&#8220;default&#8220; animation=&#8220;off&#8220;]<\/p>\n<p>Sie vermissen den Komfort automatisch mit dem Verkehrsstrom zu schwimmen. Die Distronic, Tempomat mit automatischer Abstandshaltung zum Vordermann, macht genau das f\u00fcr Sie. Wir k\u00f6nnen diese tolle Funktion in Ihrem Mercedes-Benz nachr\u00fcsten.<\/p>\n<p>[\/et_pb_blurb][\/et_pb_column][\/et_pb_row][\/et_pb_section]<\/p>\n","protected":false},"excerpt":{"rendered":"<p>Herzliche Willkommen Wir freuen uns sehr, dass Sie den Weg zu uns gefunden haben. Als Produkt- und Servicepartner rund um Nachr\u00fcstung und Dienstleistungen rund um Ihren Mercedes, steht Ihre Zufriedenheit und das Optimale L\u00f6sung f\u00fcr Ihre W\u00fcnsche und Bed\u00fcrfnisse in unserem Fokus. Aufgrund unserer sehr gro\u00dfen Leistungsf\u00e4higkeit kann unsere Webseite nur einen Ausschnitt unserer Leistungen [&hellip;]<\/p>\n","protected":false},"author":1,"featured_media":0,"parent":0,"menu_order":0,"comment_status":"closed","ping_status":"closed","template":"","meta":{"_et_pb_use_builder":"on","_et_pb_old_content":"","_et_gb_content_width":"","inline_featured_image":false,"footnotes":""},"class_list":["post-20","page","type-page","status-publish","hentry"],"_links":{"self":[{"href":"https:\/\/mercsworld.bigmammut.net\/index.php?rest_route=\/wp\/v2\/pages\/20","targetHints":{"allow":["GET"]}}],"collection":[{"href":"https:\/\/mercsworld.bigmammut.net\/index.php?rest_route=\/wp\/v2\/pages"}],"about":[{"href":"https:\/\/mercsworld.bigmammut.net\/index.php?rest_route=\/wp\/v2\/types\/page"}],"author":[{"embeddable":true,"href":"https:\/\/mercsworld.bigmammut.net\/index.php?rest_route=\/wp\/v2\/users\/1"}],"replies":[{"embeddable":true,"href":"https:\/\/mercsworld.bigmammut.net\/index.php?rest_route=%2Fwp%2Fv2%2Fcomments&post=20"}],"version-history":[{"count":33,"href":"https:\/\/mercsworld.bigmammut.net\/index.php?rest_route=\/wp\/v2\/pages\/20\/revisions"}],"predecessor-version":[{"id":463,"href":"https:\/\/mercsworld.bigmammut.net\/index.php?rest_route=\/wp\/v2\/pages\/20\/revisions\/463"}],"wp:attachment":[{"href":"https:\/\/mercsworld.bigmammut.net\/index.php?rest_route=%2Fwp%2Fv2%2Fmedia&parent=20"}],"curies":[{"name":"wp","href":"https:\/\/api.w.org\/{rel}","templated":true}]}}